et i = p + -6. Suppose 0 = 4*y + 2*k + 2*k - i, 4*k = -2*y + 12. What is the units digit of y?
4
Suppose -3*l + l + 160 = 0. Suppose -2*s - 3*s + l = 0. What is the units digit of s?
6
Let o be 9/(-2)*28/(-3). Let g = -8 + o. What is the units digit of g?
4
Suppose -2*g - 3 = -3*g. Let f = -14 + 14. Suppose 0 = -f*v - g*v + 3. What is the units digit of v?
1
Let d(k) = -k**3 + 7*k**2 + 8*k + 2. Let g be d(8). Suppose g*y - 28 = -0*y. What is the tens digit of y?
1
Let p = -2 - 3. What is the units digit of ((-45)/(-2))/p*-2?
9
Suppose -5*g - 22 = q + 98, 0 = 5*q. Let h = g - -34. What is the units digit of h?
0
Suppose -s = 3*j + 4*s - 388, 5*j = -2*s + 615. Suppose 0 = -4*n + 59 + j. Suppose 5*z + 5*b - n = z, -3*z = -b - 48. What is the units digit of z?
5
Suppose 2*v = -v + 9. Let u(t) = -t**3 + t**2 + 3. Let s be u(v). Let a = 21 + s. What is the units digit of a?
6
What is the hundreds digit of ((-240 - -1) + 4)/(-1)?
2
Let x = 79 - 26. What is the tens digit of x?
5
Let v = 68 + -96. What is the units digit of (-12)/18 + v/(-6)?
4
Let a be (-42)/(-5) - 10/25. Suppose i - 4*s - a = 0, i = -s - 2*s + 36. What is the units digit of i?
4
Suppose 2*q = 5 + 263. Suppose -5*d = 3*x - 40, -5*x + 4*d = 55 - q. Let u = x + 2. What is the tens digit of u?
1
Suppose -z = 3, -3*y + 866 = 2*y - 2*z. What is the hundreds digit of y?
1
Let w be (-1)/(-3) - 30/(-18). Suppose -5 = -4*v - 3*k + 19, 0 = -3*v - w*k + 19. What is the units digit of v?
9
Let d be 1/(-3) - (-1)/3. Let y(f) = -f**3 + f**2 + f + 5. Let x be y(d). Suppose -x*b + b + 20 = 0. What is the units digit of b?
5
What is the tens digit of 6/((-45)/12 + 4)?
2
Let t(l) = l - 7. Let b be t(7). Suppose 4*a - a = -3*q + 90, -3*a - 5*q + 84 = b. What is the tens digit of a?
3
Let h = 4 + -9. Let s(a) = a**3 + 3*a**2 - 6*a - 2. Let b be s(h). Let p = b - -34. What is the tens digit of p?
1
Suppose 3*f - 5*b + 4*b - 10 = 0, 3*b = 3*f. Let v(s) = -5*s + 4. Let k(p) = -4*p + 4. Let q(g) = -3*k(g) + 2*v(g). What is the units digit of q(f)?
6
Suppose 0*x = -x - 11. Let u = -19 - x. Let z(d) = d**3 + 8*d**2 - 2*d - 6. What is the tens digit of z(u)?
1
Let q = -14 - -7. Let h(f) = f**2 + 6*f - 2. Let i be h(q). Suppose i*b + 9 = 2*b, -b = -3*g + 24. What is the units digit of g?
7
Suppose 69 - 202 = -5*w + d, 2*w - 2*d = 58. What is the tens digit of w?
2
Let i = 140 - 102. What is the tens digit of i?
3
Let i = 78 - -120. What is the tens digit of i?
9
Suppose 2*c + c + 2*u - 155 = 0, 2*c - 2*u - 90 = 0. What is the units digit of c?
9
Let u(j) = j**3 + 8*j**2 + 6*j + 4. What is the tens digit of u(-6)?
4
Let a(s) = 2*s - 1. Let x be -4*(-2 + (-2 - -3)). Let k = 1 + x. What is the units digit of a(k)?
9
What is the tens digit of (-378)/4*(-1 + -1)?
8
Suppose -3*g = -6 - 0. Suppose 4*k - 38 = g*k. What is the tens digit of k?
1
Let v = -7 - -13. Suppose -16 = 2*k - v*k. What is the units digit of k?
4
Let j = -6 - -2. Let q = j + 4. What is the tens digit of (1 + 4 - q)*2?
1
Let d(w) = -w + 4. Let x be (-16)/6*3/(-2). Let q be d(x). Suppose -27 = -5*h + r, q = r + r - 6. What is the units digit of h?
6
Suppose 6*y - 3*y - 129 = 0. What is the units digit of y?
3
Let t(y) = -y**2 - 6*y - 6. Let j be t(-4). Suppose -3*m + j = -z, 3*m - 8 = -4*z - m. What is the units digit of z?
1
Let z = 100 + -13. What is the units digit of z?
7
Let q = 6 + -5. Let i(c) be the third derivative of c**6/24 + c**4/24 - c**3/6 - 2*c**2. What is the units digit of i(q)?
5
Let j = -164 + 241. Let l = 45 - j. What is the units digit of ((-3)/4)/(4/l)?
6
Let x(f) = -f**3 + 4*f**2 + 3. Let r be x(4). Suppose -r*o = o - 36. What is the units digit of o?
9
Let m = 0 + 9. Suppose -3*s + 3 = -m. Suppose 3*n + 33 = 5*w, 29 = w + n + s*n. What is the units digit of w?
9
Suppose 0 = 4*r + 3 + 21. Let c = 11 + r. Suppose 0 = -c*x + 3*x + 4. What is the units digit of x?
2
Suppose 0 = -8*w + 3*w. Suppose -l - 3*l + 4 = w. What is the units digit of (-7 + l)/(15/(-10))?
4
What is the units digit of (-1 - 2) + (-4)/(-1)?
1
Suppose -w - 532 = 4*d, -2*d + 4*w - 248 = -0*w. Let n = -85 - d. Suppose -12 = -5*k - 2*q + 47, 0 = -5*k + 4*q + n. What is the tens digit of k?
1
Suppose 4*g = 3*g + 16. What is the units digit of (g/(-40))/(2/(-10))?
2
Suppose q + 8 = 2*q. Suppose -n = q + 4. Let u = -3 - n. What is the units digit of u?
9
Let k(j) = -j**3 + 8*j**2 + 10*j - 6. What is the units digit of k(9)?
3
Let b(g) = 4 - 3 - 2*g + g**2 + 3*g. Let i = 24 + -26. What is the units digit of b(i)?
3
Let c be (12/8)/((-3)/20). Let g = c + 16. Let q = g + -3. What is the units digit of q?
3
Let h(b) = b**2 - 3*b - 2. Let c be h(4). Let j be (-1 + c)/(3/6). Suppose j*s - 12 = -2*s. What is the units digit of s?
3
What is the units digit of 217 + (-4 - -1 - 0)?
4
Let s = 0 + 2. Suppose 4*f - 82 = -s*t, 5*f - 3*f - 4*t - 46 = 0. What is the units digit of f?
1
Suppose -118 = 2*j - 48. Let d = -15 - j. What is the tens digit of d?
2
Suppose -2*s - 3*y - 2*y + 61 = 0, 3*s + 3*y - 105 = 0. Suppose 5*d - s = 142. What is the tens digit of d?
3
Let n(p) = 3*p**2 + 11*p. Let a(r) be the first derivative of -5*r**3/3 - 21*r**2/2 - 1. Let g(i) = -4*a(i) - 7*n(i). What is the tens digit of g(4)?
1
Suppose -2*g + 4*x = -224, 0*g + 4*g - 3*x = 448. What is the tens digit of g?
1
Let s = 103 + -51. What is the tens digit of s?
5
What is the units digit of (-15)/(-8 - -3) - -35?
8
Let a(s) = -s + 4. Let t be a(-8). Let d be (-44)/7 + (-4)/(-14). Let i = d + t. What is the units digit of i?
6
Let h = -196 - -282. What is the tens digit of h?
8
Let f = 2 - 2. Let q(b) = -2*b - 7. Let s be q(-6). Suppose k - s = -f. What is the units digit of k?
5
Let g = 15 - 9. Let u = g + -3. Suppose 1 = -y + q + 6, u*q = -5*y - 7. What is the units digit of y?
1
Let d = -15 - -20. What is the units digit of d?
5
Suppose 5*n = -3*i + 21, -n + 4*i = -5*n + 20. Suppose -3*w = -0*w + 5*p - 12, n*w - p = 12. What is the units digit of 30/(-4)*w/(-5)?
6
Suppose i = -0 - 3. What is the units digit of (15 - 1) + (-3 - i)?
4
Let g = 4 - 1. Suppose -2 = k - g*k + 2*a, -k = 4*a - 26. What is the units digit of k?
6
Suppose 3*r = 2*r - 5*k + 5, -r - 3*k = -3. Let d(m) = m + 4. Let j be d(r). Suppose -4*y + 2*y + j = l, l = 2*y. What is the units digit of y?
1
Suppose 2*b + 3*y = 9, -7 = -3*b - 2*y + 9. Let i be (0 - -1)/(1/5). Let z = b + i. What is the units digit of z?
1
Let r be (-3)/(3*-1)*0. Suppose -4*t - 56 + 8 = r. Let v = -6 - t. What is the units digit of v?
6
Suppose -5*h + 117 = -103. What is the units digit of h?
4
Suppose 2*g = -4 - 6. Let m(f) = -f - 3. Let z be m(g). Suppose 3*u - 4*y - 26 = 0, -y = z - 0. What is the units digit of u?
6
Let v(b) = -b**2 + 24*b - 12. What is the tens digit of v(18)?
9
What is the units digit of 236 + ((-5)/1 - -4)?
5
Let d(t) = -t**3 + 15*t**2 - 20*t + 30. What is the units digit of d(13)?
8
Let q(i) = i**3 - 6*i**2 - 6*i - 7. Let u be q(7). Let d = 9 - u. What is the units digit of d?
9
Suppose -2*j - 4*k + 5*k - 3 = 0, -4*j = -5*k + 3. Let h be 0 + 4 + j + 0. Suppose 2*g = h*t - 22, 4*t = -g + 15 + 4. What is the units digit of t?
6
Suppose -4*m - m + 40 = 0. What is the units digit of m?
8
Let x = 1 - 3. Let h = x + 17. What is the units digit of h?
5
Let m = -10 + 31. What is the units digit of m?
1
Let k(f) = -34*f - 4. What is the units digit of k(-2)?
4
Let c be (-8)/28 - 16/(-7). Suppose -5*u + 15 = 0, -c*u - 7 + 4 = -3*a. Suppose o - a*o = -18. What is the units digit of o?
9
Let a = 8 - 6. Suppose -a*r + r = -7. What is the units digit of r?
7
Suppose 2*z = -2*z + 2*d + 6, -3*d - 9 = 0. Suppose 2*p = -z*p + 24. What is the tens digit of p?
1
Let c be ((-6)/(-4))/((-9)/(-12)). Suppose -23 - 17 = -c*z. What is the tens digit of z?
2
Suppose 3*z - 29 - 49 = 0. What is the units digit of z?
6
Suppose 4*q = -3*v + 9, 3*q - 3*v + 3 = 36. Suppose 2*r - q + 1 = o, 0 = -2*o + 3*r - 9. What is the units digit of 10 + (o - -2)/(-1)?
1
Let t be 72/8 - 6/2. Suppose t*a - 48 = 2*a. Suppose -a - 18 = -2*z. What is the tens digit of z?
1
Let b(f) = -18*f + 7. What is the hundreds digit of b(-7)?
1
Let x be 50/(-15) - (-2)/(-3). Let k be x/6 + 85/15. Suppose 2*s = k*z + 51, -2*z + 0*z + 55 = 5*s. What is the tens digit of s?
1
Suppose -2 = -4*r - 2